se
Let w = -15 - -58. Let k = w - -69. Let f = 677 - k. Is f a prime number?
False
Let a be (-3)/((-12)/(-32)*(2 - 1)). Let w(k) = -2*k**3 - 8*k**2 - 14*k + 11. Is w(a) composite?
True
Let z(y) = -y**3 - 7*y**2 + 2*y + 5. Let o(m) = m**3 + 6*m**2 - 2*m - 6. Let b(j) = -3*o(j) - 4*z(j). Is b(-5) prime?
False
Is -11 + 6 + -1 - -3549 composite?
True
Let w(r) = r**2 + 9*r + 16. Let m be w(-7). Is 1222/(3 + -3 + m) prime?
False
Let y be (88/5)/(2874/1440 - 2). Let r = 3692 - 6327. Let g = r - y. Is g a prime number?
False
Let r = -22 - -27. Suppose -8*o = -r*o - 30. Is 5162/o - (-32)/40 prime?
False
Suppose x - 3983 = 2*o, -5*x - 2*o = -1248 - 18703. Is x a composite number?
False
Suppose -68274 = -178*y + 169*y. Is y prime?
False
Let z(x) = 8851*x**2 + 3*x - 3. Is z(1) composite?
True
Let r(s) = -s**3 - 3*s**2 + 4*s + 4. Let n be r(-4). Let i = n - 1. Suppose -i*q - 7 = -430. Is q a prime number?
False
Let o be 8/14 + 2605/35. Suppose 20*d = 25*d - o. Is d a composite number?
True
Is 2/(-3)*-15685*54/180 composite?
False
Suppose -4*v + 0*g = 3*g - 2205, 3*g + 1107 = 2*v. Suppose -3*t + v = -3*r, -r - r - 372 = -4*t. Is (-9)/(-6)*r/(-3) a composite number?
True
Let t be ((-4)/(-12))/((-1)/(-201)). Let z = t + 332. Is (z/12)/((-2)/(-8)) a composite number?
True
Suppose -8112 = -8*o + 6*o. Let u = o - 2369. Is u a composite number?
True
Let y = -12061 + 17910. Let f = -4116 + y. Is f a prime number?
True
Let w be (1 + 2)*(3 + -2). Suppose -4*h = w*q - 3*h - 1241, -1680 = -4*q + 5*h. Is q a composite number?
True
Let j be ((-5)/3)/(3/(-9)). Suppose j*k = 2*c - 23 - 7, 0 = 5*k - 5*c + 45. Is (-3 - (-8 - k))*3 a composite number?
False
Suppose 0 = 6*b - 5792 - 3448. Suppose -k - z = -b, -3*k - z = -0*z - 4610. Is k prime?
False
Suppose -4*s = -4*m + 33940, -m - 380*s + 8485 = -377*s. Is m a prime number?
False
Suppose -4*g - 4*l + 8 = 0, -g = 4*g + 3*l - 10. Suppose -g*t + 15 = t. Is t + -6 - (2 - 40) a composite number?
False
Let d(h) = 218*h + 14. Let v(g) = g - 1. Let o(b) = d(b) + 3*v(b). Is o(6) composite?
True
Let d be (-3 - 4)*6/(-21). Suppose 0 = 4*j - d*j - 166. Is j a prime number?
True
Let h(k) = -8380*k + 143. Is h(-5) prime?
True
Let n(v) = v**3 + 13*v**2 - 14*v + 3. Let w be n(-14). Suppose w*y + 4*k - 5200 + 1727 = 0, -y - k = -1156. Is y a composite number?
False
Suppose 0 = -4*v + 3*v + 4*n + 15, -5*n - 15 = 0. Suppose 12 = l + 3*d, -d + 31 = v*l + 3*d. Suppose l*q - 298 = 7*q. Is q a prime number?
True
Let c = 332 - -137. Suppose 227 = -g - 0*d - 3*d, 0 = 2*g + 3*d + c. Is 44/g - 8342/(-22) prime?
True
Suppose 0 = -i + 3*x + 2162, -5*i + 3*x + 6761 + 4085 = 0. Is i prime?
False
Let r = 4555 + -2284. Let k = -1394 + r. Is k a prime number?
True
Suppose -21*z + 19*z + 906 = 0. Let u = -292 + z. Is u composite?
True
Is 3323/(-5 - (-36)/6) a prime number?
True
Let z = -14 - -5. Let g = z + 12. Suppose 0 = 5*m + g*d - d - 643, 5*m = 2*d + 627. Is m a prime number?
True
Let c(z) = -22*z. Let d = 25 + -28. Let h be c(d). Suppose g + 2*g = h. Is g a composite number?
True
Let c(b) = -b**3 + b**2 + 5*b + 3. Let l be c(-2). Suppose 0 = -l*u + 30 - 5. Suppose 0 = 2*k - u*a - 901 - 213, -3*a = 5*k - 2723. Is k a prime number?
True
Let d(y) = 2266*y + 119. Is d(5) prime?
False
Let q = 112 + -112. Suppose -2 = h - 5. Suppose -4*g - h*s - 871 + 3614 = q, s = 5*g - 3424. Is g prime?
False
Let z(n) = 677*n - 203. Is z(6) composite?
True
Let m(w) = 8*w**3 + 6*w**2 + 5*w - 5. Let d be m(5). Let p = d - -757. Is p a prime number?
False
Let l(x) = 39*x**3 - 2*x**2 + x + 4. Let r be l(2). Let t = -183 + r. Is t prime?
True
Let g(f) = f**3 + 3*f**2 - 5*f + 1. Let t be g(-4). Suppose 9*y + t*b = 4*y + 5240, -3 = 3*b. Is y prime?
True
Is -843*(-445)/15 - 0 a composite number?
True
Let i = 1901 - 1012. Is i a composite number?
True
Suppose 10271 + 39692 = 17*f. Is f prime?
True
Let p be 9/(-2 - -5) - -5. Suppose g + 4*o = -1, -p = -6*g + 2*g - 4*o. Is (43/g)/(2/6) a composite number?
False
Suppose -13139 = -5*b - 2*i, 3*b - 7877 = -0*i + 2*i. Let n = b - 1546. Suppose -n = -5*r + 3*w, -2*w + 129 + 82 = r. Is r prime?
False
Let m(w) = -553*w - 15. Is m(-2) a prime number?
True
Let z(y) = -22*y + 21. Let b(u) be the third derivative of -u**3/6 + 12*u**2. Let j(i) = -6*b(i) - z(i). Is j(14) prime?
True
Let d = 450411 + -304532. Is d prime?
True
Let j = 286 + -421. Let v be (-4)/8 + (-2249)/(-2). Let q = v - j. Is q a composite number?
False
Let k(j) = -j**2 - 19*j - 13. Let n be k(-18). Suppose -2*d - d - 1850 = -2*g, g - n*d - 939 = 0. Is g composite?
False
Let z(n) = n**3 + 14*n**2 - 7*n - 3. Let l be z(-8). Let g = 1099 - l. Is (-1 - -3)/(4/g) prime?
True
Let z(l) = 11*l + 2. Let y(x) = 1. Let n(m) = y(m) - z(m). Let r be n(-1). Is (26/(-4))/((-1)/r) prime?
False
Suppose 104*k + 168 = 108*k. Is k/(-7) + 913 + (-4)/(-1) a prime number?
True
Let b(m) = -m**3 + 6*m**2 - 8*m + 8. Let x be b(4). Is (-4)/(-1)*474/x a composite number?
True
Let j(o) = o**2 + o. Let b be j(-2). Suppose 0*t - 117 = -5*n - b*t, 5*n - 4*t = 111. Is n prime?
True
Suppose -3*x - 2*a = -a - 13, 3*x = 2*a + 19. Suppose -j + 4*v - 1348 = -x*j, 2*j + 4*v = 678. Is j a composite number?
True
Let x(f) = -f**2 - 3*f + 3. Let d be x(-3). Is 2/((-591)/(-195) - d) composite?
True
Suppose 4*y - 3*w = 70384, 2*y + 12*w = 8*w + 35214. Is y a composite number?
False
Let h(i) = -i**3 - 5*i**2 + 6*i - 1. Let n be 2/8*(-3 + 55). Suppose -12*j = -n*j - 7. Is h(j) composite?
True
Suppose -5 = o - 4*b + 6, -5 = o - 2*b. Let n be 1/(-2)*-2 + o. Suppose 0 = n*p - 244 + 50. Is p composite?
False
Let y = 21570 - 3785. Is y prime?
False
Let w = 860 - 551. Let k = w - 58. Is k a prime number?
True
Suppose 0 = -v - 1 - 0. Let c(j) = j**2 - 2*j - 1. Let u be c(v). Suppose -2*z - 284 = -u*a - z, 0 = a + z - 145. Is a prime?
False
Suppose -d + 4584 = -5*d. Is (d/(-12))/((-3)/(-6)) prime?
True
Let u(d) be the third derivative of 107*d**4/24 + 7*d**3/6 - 5*d**2. Let g be u(6). Suppose 7*o - 2*o - g = -4*b, b - 4*o - 157 = 0. Is b a prime number?
False
Let z = 15378 - 9481. Is z a prime number?
True
Suppose -n = -5*w - 0 + 4, 4*n = w - 16. Is (631 - (w - 2)) + -4 composite?
True
Let v = -3175 + 6738. Is v a composite number?
True
Is (1 - -1) + -3987*5/(-5) a prime number?
True
Let r be (-98)/(-5)*-2*20. Let z = -1618 + 455. Let b = r - z. Is b composite?
False
Let f = -1796 + 2487. Is f a prime number?
True
Let x(g) = -2902*g - 469. Is x(-14) prime?
False
Let i(p) = -p**3 - 3*p**2 - p. Let m be i(-3). Suppose -g + m = -1. Suppose 2*s - 358 = -3*j, 0 = s - 2*j + g*j - 177. Is s a prime number?
False
Suppose 2342 + 3210 = 2*i. Let x = i + -1905. Is x a composite number?
True
Let j(p) = 4*p**3 - 2*p**2 + 4*p + 16. Let t be j(6). Suppose t = 2*q - 282. Is q a composite number?
False
Let p = -15 + 15. Suppose 2*a - 4 = -p*a. Suppose 0 = -a*n + 66. Is n a composite number?
True
Is 22*(46206/252 + 1/7) composite?
True
Let a be (-36)/(-12) + (-1 - 1). Let i be a*2/(-4)*-4. Suppose 4*m - 451 = m - i*k, 0 = -2*m + 2*k + 294. Is m a composite number?
False
Let k(w) = 144*w**2 + 7*w - 6. Is k(-7) a prime number?
True
Let x be (4/(-3))/(4/(-6)). Suppose -4*p = -3*p - 466. Suppose -5*k = u - 4*k - p, x*u + 5*k = 929. Is u a composite number?
False
Suppose 12*x = 14*x + 6, x - 160273 = -4*m. Is m a composite number?
True
Let x = -69 + 74. Suppose 5*u - 18960 = -x*s, 0 = -u + 3*s + s + 3797. Is u a composite number?
False
Let j = 85500 - 56629. Is j composite?
False
Let f = 29 + -23. Suppose -f*x + x = -2705. Is x a composite number?
False
Suppose 5*h - 2*a = -10, 2*h = -2*a - 2*a + 20. Suppose h = d - 5. Suppose 66 = d*w - 2*g - 1179, 3*w - 773 = -4*g. Is w a prime number?
True
Suppose -33*v = -55*v + 75526. Is v a composite number?
False
Let q = 82091 - 54720. Is q prime?
False
Let o be (2 + 14/(-2))*-2. Suppose 0 = 4*b + 6 + o, 0 = -m + 5*b + 12. Is 378/4 + m/16 prime?
False
Let d(f) = -f**3 - f**2 + f + 76367. Is d(0) prime?
True
Suppose 0 = -3*k - 0*k - 4*u + 1643, 0 = 4*k + 2*u - 2174. Is k prime?
True
Let u(a) = -a**3 - 12*a**2 + 9*a - 4. Let n be u(-11). Let x = -113 - n. Is x a prime number?
False
Let r = 35245 - 10172. Is r prime?
True
Let a(p) = 2*p**2 - 14*p - p**2 + 26*p + 43. Is a(20) a prime number?
True
Suppose -6*b =